 2*p. Let f be a(1). Let c(j) be the second derivative of 0 - 2*j + 0*j**2 + 0*j**4 + 1/6*j**3 - 2/5*j**5. Give c(f).
7
Suppose -27 = -3*k + 57. Let w be 77/k - 6/8. Suppose -a + 2 = -w*n, -3*a + 10 = -6*n + 4*n. Let v(h) = 9*h**2 - h + 1. Calculate v(n).
9
Let h(i) = -i**3 - i**2 + i - 2. Suppose 3*u + 29 = -m - 42, -79 = 3*u - m. Let y = u + 25. What is h(y)?
-2
Let h(z) = 41*z - 10*z + 3*z**3 + 1 - 32*z - 4*z**3 + z**2. What is h(2)?
-5
Let u(i) = i**2 - 5*i + 4. Let q(g) = 6*g**2 + 20*g - 11. Let f be q(-4). Determine u(f).
4
Let y(l) = -1592 + 6*l + 1582 + 4*l**3 + 9*l**2 - 3*l**3. What is y(-8)?
6
Let j(u) = u**2 + 1. Let k(l) = -7*l**2 - 9*l - 4. Let z(s) = 6*j(s) + k(s). Calculate z(-9).
2
Suppose -7*k + 15 = 1. Let f(j) = 5 - 5*j**2 + 6*j + k*j**2 + 3*j**2 - j**2. What is f(4)?
13
Let d = 31 + -29. Let k(p) = -p**3 + p + 16*p**2 + 7*p**3 - 17*p**2 - d*p. Determine k(-1).
-6
Let k = -1464 - -1465. Let j(c) = -3*c + 6*c**2 + 1 + 2*c + 2*c**2. Determine j(k).
8
Let s(w) be the first derivative of w**6/120 - w**5/12 + w**4/4 - w**3 - 12*w**2 - 14. Let h(r) be the second derivative of s(r). What is h(4)?
2
Let t be 82/(-10) - 1806/(-1505). Let z(p) = 5*p + 1. Let m(k) = 6*k + 1. Let s(f) = -4*m(f) + 5*z(f). Give s(t).
-6
Let m be 2/(-2) + 834/(-18)*-3. Let n(v) = -5*v**2 - 136*v - 4*v**3 + 3*v**3 + m*v + 2*v**3. Determine n(2).
-8
Let r(p) = 6*p - 2*p - p - 2*p. Let f be r(2). Suppose f*d - 7 = 1. Let z(y) = y**3 - 5*y**2 + 5*y - 6. Give z(d).
-2
Let k(y) = 2*y - 7. Let c be (72/(-108))/(4/(-126)*3). Determine k(c).
7
Let a(t) = -t + 8. Suppose 4*r - 481 = -429. What is a(r)?
-5
Let b be (-2)/((-16)/28)*48/42. Let c(f) = -f**3 + 4*f**2 - 3*f + 4. Determine c(b).
-8
Let f(c) be the third derivative of c**4/12 + 2*c**3/3 + 130*c**2. What is f(5)?
14
Let o(r) = -12*r + 4*r + r + 6*r - 7. Calculate o(-10).
3
Let o(h) = -h + 3. Let z be o(-2). Let n(w) = w**2 + z - 1 - 7*w - 4*w. What is n(11)?
4
Let c(h) be the first derivative of -2*h**3/3 - 3*h**2/2 + 4*h + 6. Let a = 0 + -3. Let f be c(a). Let k(u) = u**2 + 8*u + 6. What is k(f)?
-9
Let j(c) = -7 - 5*c - 3044*c**2 + 16 + 3043*c**2. Let n = -12 - -5. Give j(n).
-5
Let q(f) = f**3 - 5 + 9*f**2 + 0*f**3 - 3*f**2 + 4 - 13*f + 5*f. Give q(-7).
6
Suppose 0 = -y - 7 + 10. Let a(n) = 5*n**3 - 4*n + n**2 - 1 - 6*n**3 - y*n**2 - 2. Calculate a(-2).
5
Let m(u) be the third derivative of -5*u**2 + 0*u - 1/24*u**4 + 0 - 1/120*u**6 + 1/20*u**5 - 1/3*u**3. Calculate m(2).
0
Let k(v) = -2*v**2 - 35*v + 159. Let a be k(-21). Let w(g) = -6*g + 63. Calculate w(a).
-9
Let x(k) = -4*k**3 - 2*k**2 - 3*k - 2. Let h = -18 + 21. Let s(l) = -l**3 - l - 1. Let b(j) = h*s(j) - x(j). What is b(-3)?
-10
Let o = -18 + 24. Suppose o*l = -2 + 26. Let h(u) = 3*u - u**3 + u**2 - u + 4*u + 1 - l*u. What is h(-2)?
9
Let t be (-296)/(-40) - ((-24)/(-10) - 2). Suppose -4*r = 3 - t. Let c(b) = 19*b + 1. Give c(r).
20
Suppose 21*x + 60 = 33*x. Let c(a) = a**3 - 4*a**2 - a - 7. Determine c(x).
13
Let y be (-39 - -40) + -1 + -1. Let t(u) be the second derivative of 5*u**4/12 + u**2/2 + 3*u. What is t(y)?
6
Let y = 18 - 15. Suppose 12 = y*a - 2*u, 4*a - 5 - 15 = 4*u. Suppose 4 = a*l - 2*w - 2*w, 4*l = w + 22. Let t(r) = -r + 1. Calculate t(l).
-5
Let p be (-2)/6 - (-60)/18. Let v(m) = -7*m**2 - 4*m + 7. Suppose -k - 3 = 3. Let n(c) = 15*c**2 + 9*c - 15. Let i(u) = k*n(u) - 13*v(u). What is i(p)?
2
Let n(x) = x**3 + 3*x**2 - 7*x - 3. Suppose 8*z + 116 = 76. What is n(z)?
-18
Let q(u) be the first derivative of u**3/3 + 4*u**2 + 6*u - 260. Determine q(-6).
-6
Let s(w) = w**2 - 12*w - 4. Let o be s(13). Let j(c) = o - 3*c**2 + 4*c + 4*c**2 - 8. What is j(-5)?
6
Let s(r) = -3*r + 6*r**2 - 4*r - r**3 - 5 + 4*r. Suppose 5*p - 9 = 2*p. Suppose -2 = 3*x - 5, 3*j - 12 = p*x. Determine s(j).
5
Suppose -5*q - 18 = 2*p, -5*p - 17*q + 21 = -21*q. Let j(g) = 18*g**3 + 1. Determine j(p).
19
Let i(g) = 4 + 47*g**2 + 48*g**2 - 93*g**2 - 3 + 2*g - 12*g**3. Suppose -3*y - 15*z + 5 = -17*z, -4 = -4*y + 2*z. Give i(y).
13
Let l(t) = 2*t**3 + 2*t**2 + 1. Let n be 5/3 - (414/54 - 4). What is l(n)?
-7
Let v(a) = a**3 + 7*a**2 + 6*a + 3. Let h be v(-6). Let x(c) = -5*c**2 + c. Let m(k) = -2*k**2. Let t(r) = -2*m(r) + x(r). Give t(h).
-6
Suppose 5*z = k - 126, 0 = z + k + 2*k + 22. Let y = z - -23. Let p(h) = -h**2 - h + 1. Calculate p(y).
-1
Let l(y) = -2*y**3 - 19*y**2 + 20*y + 26. Let b(v) = v**3 + 10*v**2 - 10*v - 13. Let z(c) = 5*b(c) + 3*l(c). What is z(-8)?
-3
Let b(p) = p**2 - 11*p + 7. Let a(o) = 3*o**2 + 95*o - 23. Let r be a(-32). Calculate b(r).
-11
Let l(i) = 5*i - 4*i + 5*i**2 + 0*i. Suppose -4*k - x + 0*x = -15, -12 = -2*k - 2*x. Suppose k + 5 = 8*p. Determine l(p).
6
Let n(i) = -3*i**2 + 10*i - 11. Let a(w) = -w**2 + w - 1. Let j(s) = -2*a(s) + n(s). What is j(8)?
-9
Let o(p) = p - 6. Let d be o(5). Suppose -33 = -5*w - 2*a, a + 2*a - 12 = 0. Let c(b) = w*b + 1 - 1 - 7*b. Calculate c(d).
2
Let q(n) = -14 + 5 + 5 + 31*n**2 + 14*n**2 - n + 3. Calculate q(-1).
45
Let y(j) = 19*j + 15. Let h(s) = -9*s - 7. Let d = -61 + 48. Let g(x) = d*h(x) - 6*y(x). Give g(2).
7
Let t(l) be the third derivative of l**5/60 - l**3 - 3*l**2 - 32. Calculate t(0).
-6
Let x(o) = 3*o**2 - 3*o. Let q = -27 + 29. Let u be x(q). Let h(t) be the second derivative of t**3/3 - 5*t**2/2 + 2*t. Determine h(u).
7
Let y(v) be the second derivative of -1/3*v**3 + 0 + 5*v + 3/2*v**2. Give y(5).
-7
Let g(r) = 2*r**3 + 26*r**2 + r + 19. Let l be g(-13). Let s(i) = -i + 6. Determine s(l).
0
Let p(a) be the second derivative of a - 5/6*a**3 + 5/2*a**2 - 1/120*a**6 + 0 - 1/20*a**5 + 1/12*a**4. Let h(f) be the first derivative of p(f). Give h(-4).
3
Let b(k) = 29*k**2 + 16*k - 4. Let j(w) = 35*w**2 + 17*w - 2. Let r(p) = 6*b(p) - 5*j(p). Determine r(12).
-26
Let o(m) = -m**2 - 7*m - 4. Let i be 1/((-19)/(-9) + -2). Let x(d) = -2*d**2 + 19*d - 18. Let b be x(i). What is o(b)?
-22
Let a(i) = -22*i + 835. Let v be a(38). Let m(j) be the first derivative of -3*j**4/2 + j**3/3 + j**2/2 + 1. Calculate m(v).
6
Let f(u) = 9*u**3 - 8*u**2 - 6*u - 2. Let g(h) = 25*h**3 - 23*h**2 - 18*h - 5. Let y(a) = 11*f(a) - 4*g(a). Determine y(5).
3
Let u(w) = -2*w**3 - 65*w**2 + 35*w + 70. Let q be u(-33). Let d(g) = -3*g + 16. Give d(q).
4
Suppose 0 = -6*n + 15 + 39. Let m(i) = i**3 - 9*i**2 + 2*i - 28. Let r be m(n). Let g(y) = -y**3 - 9*y**2 + 10*y - 3. What is g(r)?
-3
Let k(w) be the first derivative of -3 + w**2 - w + 7/4*w**4 - 2/3*w**3. Let p be k(1). Let b(f) = -f**3 + 6*f**2 - 4. What is b(p)?
-4
Let f = -5346 - -5344. Suppose -1 + 3 = i. Let q(x) = x**2 - x - x**3 - x - i*x**2 - 3. Calculate q(f).
5
Let t(d) = -2*d - 37. Let y be t(-16). Let r(x) be the second derivative of x**5/20 + x**4/2 + x**3/3 - 7*x**2/2 - 5*x. Determine r(y).
8
Let m(i) = 5*i**3 - 12*i**2 - 12*i - 7. Suppose -45*c + 43*c = 12. Let g(x) = -4*x**3 + 11*x**2 + 11*x + 7. Let w(u) = c*g(u) - 5*m(u). Determine w(-5).
-2
Suppose 0 = 8*h - 12*h - 768. Let g be 8/(h/150) - 1/(-4). Let y(i) = 3*i. Calculate y(g).
-18
Let z = -34 - -72. Let d = z - 36. Let w(x) = 2*x**3 - x**2 - x - 2. What is w(d)?
8
Let t(q) = -5*q**2 - 2*q + 1. Let z be t(1). Let n(a) be the second derivative of -a**5/20 - 7*a**4/12 - 2*a**3/3 + 7*a**2/2 - 18*a. What is n(z)?
-5
Let x be 56/6*45/(-30). Let g be 1*(-3 - x) + -4. Let m(w) = -6*w**2 - 4*w + w + 3*w + g*w + w**3 - 4. What is m(5)?
6
Let h(r) = -r**3 + 5*r**2 + 2*r - 30. Let g be h(3). Let n(k) = k**3 + 5*k**2 - 3*k + 7. Calculate n(g).
-11
Let j(v) = v - 4. Let c be -11*(-4 + (-126)/(-33)). Determine j(c).
-2
Let q(r) be the first derivative of r**3/3 + 7*r**2/2 - 2*r - 392. Let s = -8 + 1. Determine q(s).
-2
Let c(x) = -x + 3. Let o(z) = -6*z + 8 + 3*z + 4*z - 4*z. Let s(h) = 11*c(h) - 4*o(h). Determine s(7).
8
Let d(r) = -r - 6. Let h = 23 + -31. Let q = h + -4. Let z be q/(-8)*30/(-9). Calculate d(z).
-1
Suppose -3*f = -12, 3*f - f = 4*j + 32. Let y(d) = -d**3 - 4*d**2 + d - 5. Let i be y(-4). Let t = i - j. Let z(r) = 2*r. Calculate z(t).
-6
Suppose -2*k - 4*s = 28, 2*k + 3*s + 3 = 4*s. Let q(x) be the second derivative of x**3/2 - 3*x**2/2 - x - 28. Give q(k).
-15
Let p(x) = -2*x - 6. Let a(s) = s**2 - 4*s - 5. Let l(f) = -4*f**2 + 17*f + 21. Let t(g) = -9*a(g) - 2*l(g). Let n be t(4). Calcul